f (-9 - -6 - 3) + 1?
-5
(-5 + -1 + 5 - -2) + -3
-2
Calculate 6 + 0 + 40 + -45.
1
What is the value of 0 - (4 + -11 + 3) - 2?
2
What is the value of (-3 - (-3 + 3)) + -2 + 0?
-5
Evaluate 182 - 172 - (12 + -1).
-1
Calculate 2 + (5 + -6 - 5).
-4
Evaluate -7 - (-4 + 3) - -6.
0
Calculate (-8 - (-2 - 3) - -7) + -2.
2
What is -30 + 5 + 8 - (-8 - -1)?
-10
What is 1 + -6 + 7 - -1?
3
Calculate (-4 - -3) + 2 + -5.
-4
-6 + 1 - (6 + 5 + -15)
-1
Calculate 1 + (-13 - 12 - -15).
-9
What is -2 - (0 - 3 - (-18 - -7))?
-10
What is the value of 0 + 0 - (0 + -7 + 2)?
5
Calculate -1 - (7 + -2 + (3 - 10)).
1
Calculate ((-2 - 1) + 2 - -6) + 1.
6
Calculate -1 - (2 + 0) - -8.
5
What is the value of 17 - (-4 + 23) - (0 - -7)?
-9
-2 - (7 - 3) - -15
9
(-73 - -68) + 14 + -2 + -1
6
Evaluate 13 - (15 + (-1 - 2)).
1
Calculate 0 + (-1 - (8 - 4) - -2).
-3
Calculate 2 + -1 - (-1 + -1 + 2).
1
What is the value of 3 + -9 + (11 - 5)?
0
What is the value of -2 + (6 - 0) + -2?
2
4 - ((4 - 3) + -1 + 2)
2
What is 9 + -1 + -11 - 2?
-5
What is 6 + -10 - (13 - 12)?
-5
Calculate 1 - (0 + 1 + -2).
2
Calculate (1 - 11) + (16 + -2 - 10).
-6
-6 - -2 - (67 + -72)
1
Calculate -6 + 4 - (0 + -4 - 0).
2
Calculate 5 - (1 - (1 - 3)).
2
5 - ((8 - -3) + (-7 - -10))
-9
What is the value of 4 + (-7 - 2) - 1?
-6
Calculate 4 - ((-5 - -7) + (3 - 5)).
4
What is the value of 5 - (7 + 0 + 5 + -6)?
-1
1 + -5 + 4 + -4
-4
-7 - (4 - 9 - -3)
-5
Evaluate 0 + (4 - 14) + 5.
-5
What is the value of 6 + -3 + -1 + (1 - 3)?
0
What is the value of 1 + 3 + (4 - 5)?
3
(3 - -1) + 0 + -6
-2
What is the value of (-2 - 2) + (5 - -8) + -5?
4
What is the value of 2 + (4 - 7 - (-2 - 3))?
4
Evaluate 12 + -53 + 49 + 0 + -2.
6
What is the value of -10 - -3 - (-8 + -4)?
5
Evaluate (1 - (5 + -9)) + -1 + 2.
6
What is 0 - 3 - (-5 - 5 - -5)?
2
What is 2 + (1 - -4) + (2 - 5)?
4
(-10 - (0 + -5) - -6) + -1
0
Evaluate (2 + -3 - (4 + -5)) + 0.
0
Calculate -7 + 0 + 1 + (71 - 72).
-7
Evaluate (3 - 10) + -7 + 10.
-4
Calculate 5 - 5 - (-1 - 2).
3
-13 - (-10 - (-4 - 0))
-7
(-1 - 0) + 4 - 0
3
What is 1 - (1 - (4 + 0))?
4
(0 + 6 - 5 - 11) + 5
-5
What is the value of 0 - (-4 + 2 + (6 - 3))?
-1
What is (4 - 7) + 3 + (-2 - 0)?
-2
3 + (-6 - (-2 + (-2 - -2)))
-1
Calculate -10 - 0 - (-21 - -15).
-4
Calculate 3 + 0 + -90 + 81.
-6
Evaluate 1 - (-1 - (-2 + 1)) - 3.
-2
Calculate (1 - 2) + (94 - 91).
2
3 + (3 - (-1 + 1) - 3)
3
Calculate -4 + 0 + -2 + 3 + -1.
-4
Evaluate -194 + 186 - (0 + -2).
-6
What is 1 - (3 - (1 + 3))?
2
Calculate 5 - (14 + -2 - (-29 + 34)).
-2
Evaluate (-3 - -3) + 2 + -1 + 1.
2
Evaluate -3 + (-3 - -10) + 0 - 3.
1
-6 + 4 + -1 - 2 - 0
-5
-1 - -3 - (3 + -8 + 3)
4
What is the value of 14 - (12 - 2) - 10?
-6
What is (1 - 0) + (7 - 15) + 5?
-2
Calculate 3 - ((1 - 1) + 2) - -2.
3
6 + -3 + 2 - 4
1
(5 - (13 + -6)) + 6
4
Evaluate (-2 - 1 - (4 + -7)) + 2.
2
Calculate 1 - (1 - 10 - -12).
-2
Evaluate (5 - 8) + 11 - 15.
-7
What is -5 - (-4 - 8 - -5)?
2
Evaluate -3 + (2 - (-1 + 6) - -1).
-5
What is 12 + -9 + 5 + -2?
6
Evaluate -6 - -2 - 0 - (0 + -6).
2
What is 12 - (8 - -1) - -4?
7
What is the value of 4 - (4 - (11 - 3) - -10)?
-2
Calculate 5 + (-7 - -2) + 1 + 4.
5
What is the value of 0 + 0 + (6 - 9)?
-3
Evaluate 0 - (4 + 2 + -7).
1
What is the value of -5 + 0 + (-6 - -9)?
-2
Calculate 12 - (8 + 24) - -12.
-8
Calculate -5 + (-7 - -5) + 0 + 4.
-3
0 + -2 + 1 + 6
5
What is the value of 10 + -10 + (3 - -2) + -5?
0
Calculate -6 + 1 + (16 - 12).
-1
(-4 - (1 + -4)) + 5 - 1
3
What is 0 - 3 - -8 - 1?
4
Calculate 8 + (-19 - -24 - (-3 + 11)).
5
Evaluate 1 + (7 - (-1 - -9)).
0
Evaluate 1 + 1 + (-7 - 2 - -2).
-5
-3 + -1 - (-4 + (4 - -4))
-8
What is the value of (-32 - -33 - (0 - 0)) + -9?
-8
Evaluate 6 + (-2 - (0 - -4) - 6).
-6
Evaluate (22 - -3 - 13) + -2.
10
4 + -2 + 5 - 6
1
What is -169 + 166 - (-11 - 0)?
8
2 + -12 - 0 - -5
-5
What is -1 + 7 + 1 + -4?
3
Calculate -13 - -8 - -8 - -1.
4
Calculate -2 - -3 - (-2 - -8).
-5
What is the value of 0 + (5 - 8 - -6) - -8?
11
-15 + (13 + -4 - -1)
-5
4 - -3 - 4 - -2
5
What is 0 - (3 - 4 - -6) - -7?
2
-5 + (5 - 5 - -3)
-2
Evaluate -8 + 1 + 49 + -48.
-6
Calculate 0 + -7 - (-16 + 8 - -9).
-8
15 - (6 + 0 + -4 - -5)
8
7 - (0 + 5) - 5
-3
Evaluate (-5 + 0 - -3) + -2.
-4
Evaluate (-30 - -28) + 3 + (6 - -3).
10
Evaluate -4 - (-5 + (1 - -2) + -4).
2
What is the value of 4 + -5 + -6 + 6?
-1
17 - (-6 + (8 - -10))
5
Calculate (3 - 4) + -5 + 5 - -3.
2
Evaluate 1 + 1 + -5 + 1.
-2
What is the value of 4 + -13 + 6 + (-1 - -1)?
-3
Calculate -7 + 1 - -5 - (-3 - 2).
4
Evaluate -4 + -1 + 8 - 1 - 3.
-1
What is 3 - -9 - (4 - 9 - -12)?
5
What is -7 + 2 - (41 - 37)?
-9
Calculate 7 + -3 + -8 + 1.
-3
Evaluate (-6 - 3) + (3 - 2) + 1.
-7
What is the value of 1 - -1 - -4 - 2?
4
What is (-36 - -40 - (0 + 2)) + -1?
1
Calculate 1 - (9 - (10 + -5)).
-3
Calculate -4 + 0 + 0 + 2.
-2
What is the value of 7 - (3 + 3 + -2)?
3
What is the value of 8 + 1 - (17 + (-25 - -11))?
6
What is the value of 0 + (1 - 0) + (3 - 1)?
3
What is the value of 0 + 1 - (7 + 2)?
-8
What is the value of 11 - 26 - (-12 - -2)?
-5
Evaluate (0 - 1) + -1 - (-97 - -102).
-7
What is 3 + -3 + -8 - -5?
-3
What is the value of (1 - -2) + 4 + -15 + 8?
0
What is the value of 7 + -9 + 6 + -6?
-2
-10 + 2 + 13 + -5 + 3
3
What is 2 + 6 + -8 + -3?
-3
Calculate (-2 - (-5 + -5)) + (-3 - 1).
4
What is -5 + (-1 - (-7 + -1)) - 5?
-3
What is the value of (0 - (-4 + 7)) + (2 - 5)?
-6
Evaluate 8 + -13 + (2 - -3).
0
What is -1 - 0 - (1 - 4)?
2
Evaluate (-2 - 1) + 9 - (9 + -3).
0
What is 4 + -5 + 10 + -2?
7
-4 + 1 - (-6 + 5)
-2
Evaluate 5 + 0 - (4 + -8 - -4).
5
-8 - (1 - (-5 - -14))
0
What is -1 + 3 + (-47 - -53)?
8
What is 2 + -1 + (4 + -2 - 6)?
-3
What is (-5 - (-1 + -1)) + -2 + 5?
0
What is 2 - -1 - -1 - (-4 - -8)?
0
-12 + (13 - 10) + 8 + 2
1
Calculate -3 + (-3 - -1) + 0.
-5
What is (3 - -9) + -5 + -7?
0
What is (4 - 13) + 3 - -1?
-5
Calculate 6 - (-6 - -19) - -5 - 0.
-2
Evaluate -8 + (-10 - -9) + 16.
7
5 + -6 - (-4 - -1) - -3
5
Calculate -2 + -1 + (4 - 4 - 4).
-7
1 + -2 + -2 - 1
-4
(4 - (-4 - (-1 + -2))) + -1
4
Evaluate 1 - (7 - 9 - -3).
0
What is -18 + (9 - (9 - 13))?
-5
-4 + -1 + (1 - 4 - -4)
-4
Calculate 3 + 0 + -6 - (-9 - -2).
4
What is (6 - 9 - 0) + 9?
6
-8 + 3 - (-10 + 10)
-5
What is the value of -4 + 6 - (-3 - (-5 + 0))?
0
What is 9 + (-3 + 7 + -13 - -4)?
4
Evaluate 7 + 6 + -9 - (15 + -8).
-3
Evaluate 3 - (1 - ((-3 - 0) + 2)).
1
9 + -2 + 4 + 2 + -6
7
Evaluate (11 - (11 + -10)) + -9.
1
6 + -1 - (0 - -6)
-1
What is the value of -3 + 7 + (-1 - 0)?
3
-1 + -2 + 5 + 4 + -5
1
What is 3 + (0 - (-3 + 5)) + -1?
0
What is the value of (4 - 2) + 2 + 3 + -16?
-9
What is the value of -2 + -2 - (0 - 7)?
3
Calculate -2 + 2 + (2 - 3).
-1
Calculate (1 - -2) + (-60 - -51).
-6
What is 9 + -8 - 7 - (-1 - 0)?
-5
Evaluate -6 + (4 - 9) + 7.
-4
-2 + (-8 - -13) + -4 + 0
-1
What is (-5 - -4 - -3) + (-5 - -1)?
-2
What is -5 + 5 + (4 - 6) - 5?
-7
-2 + (6 - (7 + -4))
1
Evaluate (81 - 84) + 1 + (-5 - -3).
-4
What is the value of -1 + 0 - (3 - 3 - 1)?
0
What is the value of -18 + 3 + 6 + 13?
4
What is -1 + (0 - -4 - (6 + -6))?
3
What is the value of -6 + 12 + -5 + 0 + -8?
-7
Evaluate -6 + 10 + -1 + -2.
1
What is 0 + 2 - (46 - 42)?
-2
Calculate 25 + -25 + (-1 - 3 - 1).
-5
What is (-6 - (-3 - -3)) + (6 - 3)?
-3
2 + (1 - (4 + -4))
3
2 - ((-7 - -5) + 6)
-2
10 + -14 + -1 + 0
-5
What is the value of 0 + -2 - (-7 + -3 + 12)?
-4
Evaluate (-3 - (2 + -8)) + 2 + -6.
-1
What is the value of 5 + -9 - (-1 - 7)?
4
-1 + (5 + -10 - -5)
-1
Evaluate 11 + 4 + -7 + -15.
-7
What is 11 - 6 - 12 - -12?
5
What is the value of 3 + (5 - 8) + 1?
1
Calculate 9 - 0 - 18 - -2.
-7
Evaluate 0 + -5 + 12 + -10 + 3.
0
Evaluate (0 - 2) + 13 + -2.
9
-2 + (-1 - -4) - -1
2
Evaluate (1 - (3 + -4)) + (0 - -2).
4
Evaluate -6 - (2 + -3 - 0).
-5
What is the value of 10 + -4 + -7 - -7?
6
Evaluate -7 - (-2 + -2) - 0.
-3
What is (1 - (10 - 6)) + 0 + 3?
0
What is 2 - (0 - (-2 - 1) - 4)?
3
Evaluate 0 - ((-10 - -8) + -3).
5
Evaluate -3 + 5 + -1 + (1 - -3).
5
Calculate 0 + -5 + 6 - (5 - 0).
-4
What is (-5 - (-8 - -4)) + 4?
3
What is -8 - (4 - 10 - -3)?
-5
What is the value of 6 - (24 + -4 - 5)?
-9
Evaluate 5 - (4 - (7 - (-2 - -5))).
5
Evaluate (-2 - 2 - -1) + 3.
0
-9 + 0 + 2 + 2
-5
Evaluate (-7 - -3 - 1) + 3 + -3.
-5
What is 2 + 7 + 0 + -4?
5
2 + (-2 - (-1 + -1)) + -5
-3
Evaluate 